t common factor of 2763826483 and 341.
341
Calculate the highest common divisor of 580 and 32960.
20
What is the greatest common factor of 45 and 2053245?
15
Calculate the greatest common factor of 6762240 and 111744.
1152
What is the highest common factor of 3094 and 4835038?
442
Calculate the greatest common factor of 852631170 and 10.
10
What is the greatest common factor of 800995651 and 269?
269
Calculate the highest common factor of 846 and 15147207.
423
What is the greatest common divisor of 457366752 and 18?
18
What is the highest common divisor of 6150 and 8268250?
50
Calculate the highest common divisor of 88332 and 16932.
204
Calculate the highest common factor of 86 and 147852189.
43
Calculate the highest common divisor of 637665224 and 112.
56
What is the greatest common divisor of 583257 and 89823?
237
What is the greatest common divisor of 693848 and 7568?
344
Calculate the highest common factor of 980 and 5148332.
196
What is the greatest common factor of 142029 and 25?
1
Calculate the greatest common divisor of 158870162 and 10769.
979
Calculate the highest common divisor of 71422 and 2106.
26
What is the greatest common factor of 5485672 and 608?
8
Calculate the greatest common factor of 599 and 419901396.
599
What is the highest common factor of 42201 and 122956?
521
What is the highest common divisor of 375948 and 91686?
354
What is the greatest common divisor of 60809 and 15250649?
1241
What is the highest common factor of 516 and 49307025?
129
Calculate the highest common divisor of 6695 and 3603970.
515
Calculate the highest common factor of 81365396 and 3836.
3836
Calculate the highest common divisor of 12016430 and 50.
10
What is the greatest common factor of 13390550 and 225?
25
Calculate the highest common divisor of 1221 and 34521.
111
What is the greatest common divisor of 509 and 4531600023?
509
What is the highest common divisor of 1083 and 231423?
3
What is the greatest common factor of 1854 and 29646288?
18
What is the highest common factor of 275 and 30396300?
275
Calculate the greatest common factor of 149 and 834470477.
149
What is the highest common factor of 161700 and 30282?
294
Calculate the greatest common factor of 97603 and 60868780.
8873
Calculate the highest common factor of 10035284 and 214312.
2492
Calculate the highest common factor of 57596603 and 33848.
4231
What is the highest common divisor of 1608097 and 5685?
379
Calculate the highest common factor of 405930 and 120960.
210
Calculate the greatest common factor of 8590 and 6733701.
859
What is the greatest common factor of 180266 and 23966?
1042
Calculate the highest common factor of 39 and 4074889.
13
What is the greatest common divisor of 127543825 and 175?
25
Calculate the greatest common factor of 7126113 and 3030756.
9591
What is the highest common divisor of 762 and 19213703?
127
What is the greatest common factor of 14345 and 4505?
5
What is the greatest common factor of 695183 and 5959?
101
Calculate the greatest common factor of 3368 and 14687006.
842
What is the greatest common factor of 62280343 and 46?
23
Calculate the greatest common factor of 56 and 1482600.
56
Calculate the greatest common divisor of 5071352 and 13.
13
Calculate the highest common divisor of 2809 and 1475292418.
2809
Calculate the highest common factor of 1039164 and 1009001.
973
What is the greatest common divisor of 156 and 3191708?
52
What is the highest common divisor of 104 and 2205138?
26
Calculate the highest common divisor of 277776 and 304.
16
Calculate the highest common factor of 24 and 91784584.
8
Calculate the highest common factor of 45906629 and 93.
31
Calculate the greatest common divisor of 192 and 161298.
6
What is the highest common divisor of 10522060 and 5310?
590
Calculate the highest common divisor of 3561573 and 355.
71
What is the greatest common factor of 27 and 120414123?
9
Calculate the greatest common factor of 6591676 and 14.
14
What is the greatest common factor of 776 and 1219096?
776
Calculate the greatest common divisor of 207407 and 22513.
479
Calculate the greatest common divisor of 3126 and 680426.
1042
Calculate the highest common divisor of 3294 and 42175278.
1098
What is the greatest common factor of 3858612 and 2544?
636
What is the greatest common factor of 7719060 and 24?
12
Calculate the greatest common divisor of 360 and 123558840.
360
What is the greatest common divisor of 7666180 and 123?
41
Calculate the greatest common factor of 31558 and 138848074.
1018
What is the greatest common factor of 8892685 and 5?
5
What is the greatest common factor of 682 and 32117426?
682
What is the highest common divisor of 4040 and 497590?
10
What is the greatest common divisor of 18127054 and 1551?
517
Calculate the greatest common factor of 702786 and 13461.
21
What is the greatest common divisor of 32 and 115124280?
8
What is the highest common divisor of 15495816 and 63?
21
What is the highest common divisor of 123009 and 1539021?
939
Calculate the highest common factor of 399675672 and 519.
519
Calculate the highest common divisor of 895458176 and 214.
214
Calculate the highest common divisor of 1929165 and 1995.
1995
Calculate the highest common factor of 1790910 and 34974.
1206
What is the greatest common factor of 11363611 and 245?
7
Calculate the greatest common factor of 27375976 and 222611.
5177
What is the greatest common divisor of 217082 and 1934?
2
What is the highest common divisor of 78413337 and 3735?
747
Calculate the greatest common divisor of 1544001 and 16899.
129
What is the greatest common factor of 1799 and 7177982?
7
What is the greatest common factor of 312101179 and 74?
37
What is the highest common factor of 6908155 and 1975?
395
Calculate the greatest common divisor of 23391606 and 399.
21
Calculate the highest common divisor of 1899100 and 550.
50
What is the greatest common divisor of 17216 and 66304?
64
Calculate the greatest common divisor of 552223069 and 47.
47
Calculate the greatest common factor of 2297 and 583.
1
What is the greatest common divisor of 359879168 and 3256?
3256
What is the highest common factor of 64578 and 12922928?
458
What is the greatest common factor of 759 and 169774?
11
What is the highest common divisor of 672674 and 299882?
634
Calculate the greatest common divisor of 792 and 117573291.
99
What is the highest common divisor of 241660299 and 254?
127
What is the highest common divisor of 2020230 and 20070?
90
Calculate the highest common divisor of 2517628 and 2368.
148
Calculate the greatest common factor of 230 and 1818350.
10
What is the highest common factor of 11316192 and 672?
96
Calculate the greatest common factor of 23964 and 4620.
12
What is the highest common factor of 236344 and 832?
8
Calculate the greatest common factor of 144226 and 10471977.
1949
What is the greatest common factor of 255472580 and 1925?
55
What is the highest common factor of 436632868 and 53?
53
Calculate the highest common divisor of 44962200 and 1800.
1800
Calculate the highest common divisor of 990680 and 64.
8
What is the greatest common divisor of 343228 and 29468?
212
What is the highest common divisor of 113435 and 186935?
245
Calculate the greatest common factor of 14 and 42494753.
7
Calculate the highest common divisor of 640664 and 21836.
212
Calculate the highest common factor of 2926966 and 70.
14
What is the highest common factor of 841 and 194951369?
841
What is the highest common divisor of 7148857 and 68?
17
What is the highest common divisor of 33 and 7191789?
33
Calculate the highest common divisor of 1281220 and 43760.
20
Calculate the highest common factor of 21369 and 804480.
1257
Calculate the greatest common factor of 32613204 and 39.
39
What is the greatest common factor of 38248950 and 450?
150
Calculate the highest common factor of 120 and 2575248.
24
Calculate the highest common divisor of 8428248 and 38.
38
What is the greatest common factor of 29809637 and 55?
11
Calculate the highest common factor of 72183168 and 180.
36
Calculate the greatest common factor of 19818 and 1591488.
54
Calculate the greatest common divisor of 1078452 and 3364.
116
Calculate the greatest common divisor of 94 and 4631850.
94
Calculate the highest common divisor of 14982 and 